 divided by 132.
128
Calculate the remainder when 10311 is divided by 127.
24
Calculate the remainder when 52657 is divided by 462.
451
What is the remainder when 2839 is divided by 52?
31
Calculate the remainder when 1974 is divided by 1763.
211
What is the remainder when 6069 is divided by 93?
24
Calculate the remainder when 271786 is divided by 142.
140
What is the remainder when 8546 is divided by 186?
176
What is the remainder when 81298 is divided by 389?
386
Calculate the remainder when 4549 is divided by 584.
461
Calculate the remainder when 2547570 is divided by 2693.
2685
What is the remainder when 3340 is divided by 68?
8
Calculate the remainder when 118396 is divided by 11.
3
Calculate the remainder when 177779 is divided by 142.
137
Calculate the remainder when 3220 is divided by 97.
19
Calculate the remainder when 9224 is divided by 2962.
338
What is the remainder when 189907 is divided by 1978?
19
Calculate the remainder when 7211 is divided by 260.
191
Calculate the remainder when 17839 is divided by 109.
72
What is the remainder when 7771 is divided by 154?
71
Calculate the remainder when 114895 is divided by 344.
343
Calculate the remainder when 1841 is divided by 356.
61
Calculate the remainder when 41363 is divided by 26.
23
Calculate the remainder when 154528 is divided by 47.
39
Calculate the remainder when 2552 is divided by 663.
563
Calculate the remainder when 1618370 is divided by 23.
21
What is the remainder when 1651 is divided by 52?
39
What is the remainder when 4603 is divided by 768?
763
Calculate the remainder when 32220 is divided by 376.
260
What is the remainder when 9064 is divided by 49?
48
What is the remainder when 28581 is divided by 7131?
57
What is the remainder when 149209 is divided by 13?
8
Calculate the remainder when 6859 is divided by 329.
279
What is the remainder when 49937 is divided by 537?
533
What is the remainder when 635627 is divided by 67?
65
Calculate the remainder when 12248 is divided by 1223.
18
Calculate the remainder when 259164 is divided by 8.
4
What is the remainder when 23573 is divided by 2910?
293
What is the remainder when 149392 is divided by 360?
352
What is the remainder when 19396 is divided by 98?
90
Calculate the remainder when 290292 is divided by 4682.
8
Calculate the remainder when 17101 is divided by 657.
19
What is the remainder when 730185 is divided by 24?
9
Calculate the remainder when 5724 is divided by 1430.
4
What is the remainder when 1305433 is divided by 851?
850
What is the remainder when 20120 is divided by 4015?
45
Calculate the remainder when 1499231 is divided by 24.
23
Calculate the remainder when 7924 is divided by 165.
4
Calculate the remainder when 14359 is divided by 4.
3
What is the remainder when 5527 is divided by 43?
23
What is the remainder when 1439613 is divided by 1472?
1469
What is the remainder when 9842 is divided by 1634?
38
What is the remainder when 2810 is divided by 351?
2
Calculate the remainder when 5841 is divided by 833.
10
What is the remainder when 94897 is divided by 146?
143
Calculate the remainder when 17913 is divided by 206.
197
What is the remainder when 145064 is divided by 26?
10
Calculate the remainder when 80944 is divided by 479.
472
What is the remainder when 1401341 is divided by 68?
65
Calculate the remainder when 6025 is divided by 262.
261
Calculate the remainder when 6221 is divided by 1100.
721
What is the remainder when 3282 is divided by 986?
324
What is the remainder when 59879 is divided by 29932?
15
What is the remainder when 27379 is divided by 141?
25
Calculate the remainder when 3416 is divided by 3.
2
Calculate the remainder when 3005 is divided by 60.
5
What is the remainder when 1070088 is divided by 891?
888
Calculate the remainder when 304 is divided by 55.
29
Calculate the remainder when 2212345 is divided by 122.
119
Calculate the remainder when 39975 is divided by 1429.
1392
What is the remainder when 5606 is divided by 233?
14
What is the remainder when 29016 is divided by 1209?
0
What is the remainder when 20614 is divided by 53?
50
Calculate the remainder when 12249 is divided by 285.
279
What is the remainder when 17210 is divided by 293?
216
What is the remainder when 22850 is divided by 508?
498
What is the remainder when 165742 is divided by 79?
0
Calculate the remainder when 20941 is divided by 16.
13
What is the remainder when 44768 is divided by 10?
8
What is the remainder when 268 is divided by 10?
8
What is the remainder when 19801 is divided by 29?
23
Calculate the remainder when 124827 is divided by 45.
42
What is the remainder when 667 is divided by 279?
109
What is the remainder when 650 is divided by 325?
0
What is the remainder when 120236 is divided by 668?
664
Calculate the remainder when 501760 is divided by 315.
280
What is the remainder when 9614 is divided by 420?
374
What is the remainder when 217877 is divided by 939?
29
What is the remainder when 4973 is divided by 517?
320
What is the remainder when 3331 is divided by 1455?
421
Calculate the remainder when 36567 is divided by 154.
69
Calculate the remainder when 327471 is divided by 21.
18
What is the remainder when 807 is divided by 319?
169
What is the remainder when 7950 is divided by 863?
183
What is the remainder when 18355 is divided by 4578?
43
What is the remainder when 9142 is divided by 1977?
1234
What is the remainder when 1474 is divided by 8?
2
Calculate the remainder when 11324 is divided by 60.
44
What is the remainder when 286722 is divided by 123?
9
Calculate the remainder when 491331 is divided by 431.
422
Calculate the remainder when 1078559 is divided by 1008.
1007
Calculate the remainder when 169124 is divided by 324.
320
What is the remainder when 76108 is divided by 26?
6
What is the remainder when 27530 is divided by 2501?
19
What is the remainder when 234003 is divided by 233987?
16
What is the remainder when 145820 is divided by 307?
302
What is the remainder when 755714 is divided by 62?
58
What is the remainder when 42657 is divided by 554?
553
Calculate the remainder when 6230 is divided by 21.
14
Calculate the remainder when 15404 is divided by 313.
67
What is the remainder when 1668 is divided by 24?
12
What is the remainder when 132923 is divided by 99?
65
What is the remainder when 1271 is divided by 672?
599
Calculate the remainder when 90344 is divided by 22581.
20
Calculate the remainder when 7482 is divided by 1865.
22
Calculate the remainder when 7314 is divided by 3531.
252
Calculate the remainder when 3145713 is divided by 1596.
1593
What is the remainder when 11008 is divided by 1185?
343
What is the remainder when 7212347 is divided by 12?
11
Calculate the remainder when 14732 is divided by 55.
47
Calculate the remainder when 24360 is divided by 131.
125
What is the remainder when 418178 is divided by 4356?
2
What is the remainder when 5817 is divided by 5312?
505
Calculate the remainder when 12375 is divided by 973.
699
Calculate the remainder when 2249 is divided by 107.
2
What is the remainder when 6951 is divided by 582?
549
What is the remainder when 3961 is divided by 165?
1
Calculate the remainder when 69186 is divided by 90.
66
Calculate the remainder when 510631 is divided by 8958.
25
What is the remainder when 11452 is divided by 358?
354
What is the remainder when 15993 is divided by 281?
257
What is the remainder when 18618 is divided by 252?
222
Calculate the remainder when 59251 is divided by 7401.
43
Calculate the remainder when 2421633 is divided by 42.
39
Calculate the remainder when 76717 is divided by 16.
13
What is the remainder when 307255 is divided by 119?
116
What is the remainder when 429 is divided by 214?
1
What is the remainder when 51844 is divided by 116?
108
What is the remainder when 13468 is divided by 641?
7
Calculate the remainder when 13056 is divided by 157.
25
Calculate the remainder when 664519 is divided by 370.
369
Calculate the remainder when 8187 is divided by 30.
27
What is the remainder when 7467 is divided by 86?
71
What is the remainder when 11892 is divided by 860?
712
Calculate the remainder when 543104 is divided by 405.
404
What is the remainder when 9189506 is divided by 7?
4
What is the remainder when 22679 is di